{"id":67,"date":"2021-12-10T12:52:47","date_gmt":"2021-12-10T12:52:47","guid":{"rendered":"https:\/\/themes.muffingroup.com\/be\/book2_el\/?page_id=3"},"modified":"2023-10-13T11:47:25","modified_gmt":"2023-10-13T11:47:25","slug":"politica-privacidad-construcia","status":"publish","type":"page","link":"https:\/\/www.grupoconstrucia.com\/index.php\/politica-privacidad-construcia\/","title":{"rendered":"Politica de privacidad Construc\u00eda"},"content":{"rendered":"\t\t<div data-elementor-type=\"wp-page\" data-elementor-id=\"67\" class=\"elementor elementor-67\">\n\t\t\t\t\t\t<section class=\"elementor-section elementor-top-section elementor-element elementor-element-5d954044 elementor-section-boxed elementor-section-height-default elementor-section-height-default\" data-id=\"5d954044\" data-element_type=\"section\" data-e-type=\"section\">\n\t\t\t\t\t\t<div class=\"elementor-container elementor-column-gap-default\">\n\t\t\t\t\t<div class=\"elementor-column elementor-col-100 elementor-top-column elementor-element elementor-element-401c0841\" data-id=\"401c0841\" data-element_type=\"column\" data-e-type=\"column\">\n\t\t\t<div class=\"elementor-widget-wrap elementor-element-populated\">\n\t\t\t\t\t\t<div class=\"elementor-element elementor-element-25d37b63 elementor-widget elementor-widget-text-editor\" data-id=\"25d37b63\" data-element_type=\"widget\" data-e-type=\"widget\" data-widget_type=\"text-editor.default\">\n\t\t\t\t<div class=\"elementor-widget-container\">\n\t\t\t\t\t\t\t\t\t<h3>Uso y finalidad de los datos obtenidos<\/h3><p>Los datos que le solicitamos en los diferentes formularios de nuestra p\u00e1gina web son los adecuados, pertinentes y estrictamente necesarios para la finalidad de gestionar y tramitar la petici\u00f3n que nos ha realizado y poder enviarle informaci\u00f3n de nuestros servicios, y en ning\u00fan caso est\u00e1 obligado a facilitarlos. Le informamos que sus datos podr\u00e1n ser cedidos a otras empresas del Grupo con esta finalidad y transferidos a terceros pa\u00edses fuera del \u00e1mbito del Espacio Econ\u00f3mico Europeo por raz\u00f3n de la infraestructura de sistemas inform\u00e1ticos de CONSTRUC\u00cdA S.L.<\/p><p>Los datos de cumplimentaci\u00f3n obligatoria se especifican en el propio formulario, y su negativa a suministrarlos implicar\u00e1 no poder gestionar su petici\u00f3n. Asimismo, nos asegura que todos los datos facilitados son ciertos, veraces y pertinentes para la finalidad por la que los solicitamos.<\/p><p>Los datos personales proporcionados se conservar\u00e1n mientras se mantenga la relaci\u00f3n comercial, y una vez finalice la citada relaci\u00f3n se mantendr\u00e1n bloqueados el tiempo legalmente establecido, antes de su destrucci\u00f3n.<\/p><p>El env\u00edo de los mismos implica su autorizaci\u00f3n expresa a incorporarlos a nuestros ficheros correspondientes, siempre y cuando CONSTRUCIA, S.L. lo considere conveniente para la gesti\u00f3n de la petici\u00f3n que solicite.<\/p><p>Es importante que para que podamos mantener sus datos personales actualizados, nos informe siempre que haya alguna modificaci\u00f3n en ellos. En caso contrario, no respondemos de la veracidad de los mismos. Consideramos que si no cancela sus datos personales expresamente de nuestros ficheros, contin\u00faa interesado en seguir incorporado a los mismos hasta que el Responsable lo considere oportuno y mientras sea adecuado a la finalidad por la que se obtuvieron.<\/p><p>\u00a0<\/p><h3>Derechos de los interesados<\/h3><p>El titular de los datos personales tiene derecho a:<\/p><ul><li>Obtener confirmaci\u00f3n sobre si el Responsable est\u00e1 tratando los datos personales que les conciernan, o no.<\/li><li>Acceder a sus datos personales, as\u00ed como a solicitar la rectificaci\u00f3n de los datos inexactos o, en su caso, solicitar su supresi\u00f3n cuando, entre otros motivos, los datos ya no sean necesarios para los fines que fueron recogidos.<\/li><li>En determinadas circunstancias, los interesados podr\u00e1n solicitar la limitaci\u00f3n del tratamiento de sus datos, en cuyo caso \u00fanicamente el Responsable los conservar\u00e1 para el ejercicio o la defensa de reclamaciones.<\/li><li>En determinadas circunstancias y por motivos relacionados con su situaci\u00f3n particular, los interesados podr\u00e1n oponerse al tratamiento de sus datos.<\/li><li>En determinadas circunstancias, en virtud del derecho de portabilidad, los interesados tendr\u00e1n derecho a obtener sus datos personales en un formato estructurado de uso com\u00fan y lectura mec\u00e1nica y transmitirlo a otro responsable.<\/li><\/ul><p>El titular puede ejercer sus derechos:<\/p><ul><li>Mediante escrito dirigido a CONSTRUC\u00cdA S.L., Carretera de Rub\u00ed 102, 2\u00aa, 08174, Sant Cugat del Vall\u00e9s (Barcelona), referencia \u201cProtecci\u00f3n de Datos\u201d o al correo electr\u00f3nico <a href=\"mailto:lopd@construcia.com\">lopd@construcia.com<\/a>.<\/li><\/ul><p>Si considera que sus derechos no se han atendido adecuadamente, tiene derecho a presentar una reclamaci\u00f3n ante la Agencia Espa\u00f1ola de Protecci\u00f3n de Datos.<\/p>\t\t\t\t\t\t\t\t<\/div>\n\t\t\t\t<\/div>\n\t\t\t\t\t<\/div>\n\t\t<\/div>\n\t\t\t\t\t<\/div>\n\t\t<\/section>\n\t\t\t\t<section class=\"elementor-section elementor-top-section elementor-element elementor-element-0709aae elementor-section-boxed elementor-section-height-default elementor-section-height-default\" data-id=\"0709aae\" data-element_type=\"section\" data-e-type=\"section\">\n\t\t\t\t\t\t<div class=\"elementor-container elementor-column-gap-default\">\n\t\t\t\t\t<div class=\"elementor-column elementor-col-100 elementor-top-column elementor-element elementor-element-6565efb\" data-id=\"6565efb\" data-element_type=\"column\" data-e-type=\"column\">\n\t\t\t<div class=\"elementor-widget-wrap elementor-element-populated\">\n\t\t\t\t\t\t<div class=\"elementor-element elementor-element-830e86b elementor-align-center elementor-widget elementor-widget-button\" data-id=\"830e86b\" data-element_type=\"widget\" data-e-type=\"widget\" data-widget_type=\"button.default\">\n\t\t\t\t<div class=\"elementor-widget-container\">\n\t\t\t\t\t\t\t\t\t<div class=\"elementor-button-wrapper\">\n\t\t\t\t\t<a class=\"elementor-button elementor-button-link elementor-size-xl\" href=\"https:\/\/www.grupoconstrucia.com\/#Footer\">\n\t\t\t\t\t\t<span class=\"elementor-button-content-wrapper\">\n\t\t\t\t\t\t<span class=\"elementor-button-icon\">\n\t\t\t\t<i aria-hidden=\"true\" class=\"fas fa-arrow-left\"><\/i>\t\t\t<\/span>\n\t\t\t\t\t\t\t\t\t<span class=\"elementor-button-text\">Volver a inicio<\/span>\n\t\t\t\t\t<\/span>\n\t\t\t\t\t<\/a>\n\t\t\t\t<\/div>\n\t\t\t\t\t\t\t\t<\/div>\n\t\t\t\t<\/div>\n\t\t\t\t\t<\/div>\n\t\t<\/div>\n\t\t\t\t\t<\/div>\n\t\t<\/section>\n\t\t\t\t<\/div>\n\t\t","protected":false},"excerpt":{"rendered":"<p>Uso y finalidad de los datos obtenidos Los datos que le solicitamos en los diferentes formularios de nuestra p\u00e1gina web son los adecuados, pertinentes y estrictamente necesarios para la finalidad<span class=\"excerpt-hellip\"> [\u2026]<\/span><\/p>\n","protected":false},"author":13,"featured_media":0,"parent":0,"menu_order":0,"comment_status":"closed","ping_status":"closed","template":"","meta":{"_acf_changed":false,"footnotes":"","_links_to":"","_links_to_target":""},"class_list":["post-67","page","type-page","status-publish","hentry"],"acf":[],"_links":{"self":[{"href":"https:\/\/www.grupoconstrucia.com\/index.php\/wp-json\/wp\/v2\/pages\/67","targetHints":{"allow":["GET"]}}],"collection":[{"href":"https:\/\/www.grupoconstrucia.com\/index.php\/wp-json\/wp\/v2\/pages"}],"about":[{"href":"https:\/\/www.grupoconstrucia.com\/index.php\/wp-json\/wp\/v2\/types\/page"}],"author":[{"embeddable":true,"href":"https:\/\/www.grupoconstrucia.com\/index.php\/wp-json\/wp\/v2\/users\/13"}],"replies":[{"embeddable":true,"href":"https:\/\/www.grupoconstrucia.com\/index.php\/wp-json\/wp\/v2\/comments?post=67"}],"version-history":[{"count":37,"href":"https:\/\/www.grupoconstrucia.com\/index.php\/wp-json\/wp\/v2\/pages\/67\/revisions"}],"predecessor-version":[{"id":3084,"href":"https:\/\/www.grupoconstrucia.com\/index.php\/wp-json\/wp\/v2\/pages\/67\/revisions\/3084"}],"wp:attachment":[{"href":"https:\/\/www.grupoconstrucia.com\/index.php\/wp-json\/wp\/v2\/media?parent=67"}],"curies":[{"name":"wp","href":"https:\/\/api.w.org\/{rel}","templated":true}]}}